. What is the remainder when o is divided by i?
11
Let f = 67 - 63. Let h = -15 + 20. Calculate the remainder when h is divided by f.
1
Let r(d) = 19*d**3 - d. Let q be r(1). Suppose 0 = -3*l - c - 5, -3*c + q = -4*l + 7. What is the remainder when 46 is divided by (8/(-5))/(l/20)?
14
Let r = 157 - 112. Calculate the remainder when 133 is divided by r.
43
Suppose 1430 + 2578 = 24*q. Calculate the remainder when q is divided by 31.
12
Suppose -g + 24 = 5*y + 9, 2*g = 4*y + 72. Calculate the remainder when 1437 is divided by g.
27
Let y(h) = 15*h**3 + h**2 - 4*h + 5. Let n = -52 + 54. Calculate the remainder when y(n) is divided by 31.
28
Suppose 6 = f - 0. Suppose -4*v + 8 = 0, 3*k + 29*v = 27*v + 73. What is the remainder when k is divided by f?
5
Calculate the remainder when (-910)/(-6) + (16/24)/(-1) is divided by 31.
27
Let f(n) = 2*n**3 - 2*n**2 - n - 2. Let o be f(2). Let b(r) = 6*r - 8. Calculate the remainder when b(o) is divided by 6.
4
Let p(u) = -u**3 - u**2 + 17*u + 6. What is the remainder when p(-5) is divided by 8?
5
Suppose -274*k + 279*k - 345 = 0. Calculate the remainder when k is divided by 46.
23
Suppose 0 = -4*p + p + 3. Let b(v) = -4 + v**2 - v**2 + 2*v**2 + p. What is the remainder when 42 is divided by b(-3)?
12
Let r = 354 + -141. Let p = r + -145. Calculate the remainder when p is divided by 23.
22
Suppose -n - 3*u = -5*n + 46, 44 = 4*n - 4*u. Suppose 5*o - 7*c - 32 = -4*c, -4*c = 3*o + 4. What is the remainder when n is divided by o?
1
Let p(s) = s**3 - 4*s**2 + 3*s + 4. Calculate the remainder when (24/(-5))/(3/(-80)) + 0 is divided by p(5).
40
Suppose 3*j - 49 = -g, 4*j + 78 = -0*g + 2*g. Suppose 0 = -8*f + 598 + 410. What is the remainder when f is divided by g?
40
Let m = 976 + -940. What is the remainder when 283 is divided by m?
31
Suppose -k + 5 - 1 = 0. Suppose k*r + 26 = 66. What is the remainder when 20 is divided by r?
0
Suppose 10*h + 2*h = 384. Calculate the remainder when 97 is divided by h.
1
What is the remainder when (-4*(-3)/(-12))/(6/(-270)) is divided by 4?
1
Suppose c = -w + 6, -4*w - c - c + 22 = 0. Let d(r) = -2*r**2 - 29*r - 90. What is the remainder when d(-7) is divided by w?
0
Let f(b) = -6*b - 27. Suppose -2*j + 4 = -j. Suppose 0 = j*t + 20, -2*z - t = 2*z - 35. What is the remainder when z is divided by f(-5)?
1
Suppose 0 = -2*n - 3*x - 86, 4*x + 167 = -4*n - 9. Let d = n + 66. What is the remainder when (-2 + (-56)/10)/(4/(-20)) is divided by d?
18
Suppose -4*p + 2*p - 3*a = -94, 4*a = 0. Calculate the remainder when p is divided by 17.
13
Let f be (-425)/(-10)*-1 - 2/(-4). Let m = 80 + f. Let k(w) = w**2 - 3*w - 8. Calculate the remainder when m is divided by k(6).
8
Suppose 64*k - 2*k - 347 = 521. Calculate the remainder when k is divided by (-2)/(-3) + (-26)/(-6).
4
Suppose -j + 210 = -175. Suppose 18*a - j = 11*a. Calculate the remainder when a is divided by 28.
27
Suppose 2*s - 148 = -2*f, -5*s + f - 125 = -489. Let y = s + -38. What is the remainder when y is divided by 12?
11
Suppose -13*q + 168 = -5*q. What is the remainder when 163 is divided by q?
16
Let x be (-14)/4 + (-1)/(-2). Let t = -351 + 358. Let p = t - x. Calculate the remainder when 27 is divided by p.
7
Suppose 11*l = 16*l + d - 13, -3*d + 6 = 4*l. What is the remainder when 196 is divided by l?
1
Let n = -7 - -95. Calculate the remainder when n is divided by 19.
12
Let z(c) = 46*c**2 + 2*c - 3. Calculate the remainder when 131 is divided by z(1).
41
Let q(w) = w**3 - 5*w - 3. What is the remainder when q(5) is divided by 25/(-5) - -8 - -17?
17
Let b(u) = -7*u - 55. Calculate the remainder when 146 is divided by b(-10).
11
Calculate the remainder when -46*(240/(-208) - 2/(-13)) is divided by 14.
4
Suppose 0 = -0*j - 4*j + 756. Let r = j + -43. What is the remainder when r is divided by 37?
35
Let w = -1704 + 2406. What is the remainder when w is divided by 64?
62
Let h(r) = 2*r - 10. Let n be h(7). Suppose n*w = -4*y + 76, 3*y = 1 + 2. What is the remainder when 71 is divided by w?
17
Suppose 0 = 2*y + 80 - 418. Let d = -39 + y. What is the remainder when d is divided by 46?
38
Let z be 1 + -2 + 8 - 4. Suppose 2*r + 4 = -z*n - 0*n, -4*r + 36 = -5*n. Calculate the remainder when 13 is divided by r.
1
Let y(k) = k**3 - 7*k**2. Let l be y(7). What is the remainder when 19 is divided by 4*(-1 + (l - -2))?
3
Let a = 2 - 5. Suppose -3*o + 4*o - 18 = 0. Let r = a + o. Calculate the remainder when 42 is divided by r.
12
Let j(y) be the second derivative of -y**4/12 - 7*y**3/6 + 11*y**2/2 - y. Let l be j(-8). What is the remainder when 2/(-12)*l*-12 is divided by 3?
0
Let q be (5 - 7)*(-2)/4. Suppose -15 = -3*l - 5*u + q, -2*l + 18 = -4*u. What is the remainder when (16/(-10))/(2/(-15)) is divided by l?
5
Let l be 4 - -1*0/(-4). Suppose 0 = -j - 5*v + 21 + l, -j = -v + 5. Suppose j = -6*d + 121 + 11. What is the remainder when d is divided by 6?
4
Suppose -f - 12*t = -13*t - 11, 0 = -2*f - 5*t + 29. Calculate the remainder when 35 is divided by f.
11
Let b = 11 - 7. Suppose b = -5*y + 6*y. Calculate the remainder when 230/y - 9/(-18) is divided by 30.
28
Let i(d) = 7*d**2 - 12*d - 14. Calculate the remainder when i(6) is divided by 56.
54
Suppose u + 2*u + l = 43, 3*l = -4*u + 64. Calculate the remainder when (-565)/(-9) + 6/27 is divided by u.
11
Suppose -u - 1 + 2 = 3*c, 0 = 3*c - 2*u + 2. Suppose -j + 0*j + 3 = c. Suppose a = j*a - 36. Calculate the remainder when 53 is divided by a.
17
Suppose -18 = -2*b + 5*s, -5*b + 3*s = -33 + 7. Let v = 396 + -384. Calculate the remainder when v is divided by b.
0
Let t = 444 + -417. Let k = 28 - 14. What is the remainder when t is divided by k?
13
Suppose -51 = -3*j - 3*a, 2*j + 3*a + 77 = 7*j. Suppose -1190 = -j*s - 390. What is the remainder when s is divided by 4?
2
Suppose 2*g = -4, 4*f - 2*g = 2*f + 240. What is the remainder when 223 is divided by f?
105
What is the remainder when (0 - 21)/((-7)/49) is divided by (-17 + 7)*(-4)/16*10?
22
Suppose -2*x - q = -0*x - 88, 0 = 2*x - 4*q - 78. Suppose -2*m - 33 = -2*u - 3*m, 2*u - m = x. What is the remainder when u is divided by (8 + -4 - 6)*22/(-4)?
8
Suppose 44 - 527 = -23*z. Calculate the remainder when 165 is divided by z.
18
Let s(d) = d**3 + 8*d**2 - 8*d + 22. Suppose 4*p - o + 2*o + 4 = 0, -3 = 3*p + 3*o. Calculate the remainder when s(-9) is divided by p*2 - (-7 + 0).
3
Let z = 49 - -182. Let y = -160 + z. What is the remainder when y is divided by 20?
11
Let b(v) = -21*v + 766. Calculate the remainder when b(31) is divided by 24.
19
Let v(g) = g**3 + 5*g**2 + 4*g. Let d be v(-4). Let s be d + -14*(-3)/(-6). Calculate the remainder when 14 is divided by 24*(-2)/(s - -1).
6
Suppose 4*f - 7*f + 12 = 0. Suppose z + 17 = -5*u, -4*z + u - f = 5*u. Calculate the remainder when 3 is divided by z.
0
Suppose 27 = -24*v + 75. Calculate the remainder when 32 is divided by v.
0
Suppose 6*w = 762 - 96. What is the remainder when w is divided by 16?
15
Suppose 53 = 6*m + 5. What is the remainder when 30 is divided by m?
6
Let u be -2*(-6)/(-12)*(-2 - 3). Suppose 3*b - 54 = 3*c, -4*c = u*b - 4*b - 43. What is the remainder when b is divided by 8?
7
Suppose -74 = -s - 2*i, -s + 59 = 8*i - 3*i. What is the remainder when 328 is divided by s?
76
Let d be -3*(2 - 80/12). Let g(q) = -q**2 + 22*q - 32. What is the remainder when g(d) is divided by 28?
24
Let i(d) = d**3 - 7*d**2 + 5*d - 6. Let j be i(7). Let f be -2*(-3)/(-12)*-24. Let u = j - f. Calculate the remainder when 50 is divided by u.
16
Let s = 2129 + -2094. Suppose 6 = 4*h + 5*z, -5*h - z + 18 = -0*h. Calculate the remainder when s is divided by h.
3
Suppose -51 + 21 = -a + 4*v, -5*v - 105 = -5*a. Suppose n = 2*c - 60 - 113, -4*c - 5*n = -311. Let o = -50 + c. Calculate the remainder when o is divided by a.
16
Suppose -4*g = 2*f - 22, 5*f - 3*g - 5 = -2. Let p be f*1*(6 + 1). Let r = -7 + p. Calculate the remainder when 67 is divided by r.
11
Suppose 116*v - 138*v + 2244 = 0. Calculate the remainder when 105 is divided by v.
3
Suppose 12 = 3*v, v = -3*b + 6*b - 530. Calculate the remainder when b is divided by 44.
2
Let l(i) = -i**2 - 14*i - 23. Suppose 3*k = 3*q - 20 - 4, -22 = -5*q - 4*k. What is the remainder when l(-11) is divided by q?
4
Let i(t) = t**2 - 9*t + 2. Let y be i(